 143.
13
Let q be (-2 + 2 + -3)*-1. Suppose -4*b = -q*b - 7. Let x = -40 - -61. What is the greatest common divisor of x and b?
7
Suppose -3*r + 112 = 97. Let a(n) = 39*n**3 + n. Let u be a(1). What is the highest common divisor of r and u?
5
Suppose -33 = 3*r - 0. Let c = r - -15. Suppose c*p - l - l = 86, 3*p + l = 67. What is the greatest common factor of 11 and p?
11
Let j = -91 + 205. What is the greatest common factor of 6 and j?
6
Suppose o + 1 = 0, -5*c + 4*o = 2*o - 17. What is the highest common factor of 39 and c?
3
Let u(i) = -62*i + 1. Let j be u(-3). Calculate the greatest common divisor of j and 17.
17
Let r be 30/10*(0 - -22). Let s = -1 + 7. Calculate the greatest common divisor of s and r.
6
Suppose 15 = 3*l, -30 = -4*h - 4*l + 2*l. Suppose h*r - 7*r + 18 = 0. Suppose 4*u - 28 - 44 = 0. What is the highest common divisor of u and r?
9
Let q = 48 - 47. Calculate the greatest common factor of 6 and q.
1
Let h = 21 - 5. Calculate the highest common divisor of 64 and h.
16
Suppose 3*g = 4*h + 854, h + 4 = 2*h. Let q = g - 171. What is the highest common factor of 17 and q?
17
Suppose 224 = -0*u + 4*u. What is the highest common divisor of 280 and u?
56
Suppose -5*z - 74 = -4*g, 0 = -3*g + 4*z + z + 58. Let u be 14/2*g/28. What is the greatest common factor of u and 28?
4
Let w(n) = 2*n - 9. Let y be w(6). Let g(i) = 10*i**2 - 7*i - 11 - i**y + 4*i**3 - 4*i**3. Let r be g(9). What is the highest common factor of r and 1?
1
Let u(j) be the second derivative of -j**4/12 + 5*j**3/2 - 3*j**2 - 4*j. Let r be u(14). What is the highest common factor of 8 and r?
8
Let t = 104 - 94. What is the highest common divisor of t and 15?
5
Suppose -41 = 5*y - 391. Calculate the highest common divisor of y and 14.
14
Suppose c + 1 = -0. Let t be (c - -5)*100/5. Calculate the greatest common divisor of 10 and t.
10
Let i = -2 - 1. Let c be 32 - 0*(-1)/i. Calculate the highest common divisor of 48 and c.
16
Let a(x) = -x**2 + 5*x + 2. Let z be a(3). Suppose 0 = z*k - 3*k - 275. Let h be (-3)/(-1) + (-5 - 11)/(-2). Calculate the greatest common factor of h and k.
11
Let v(n) = -n**3 + n**2 - n + 2. Let u be v(0). Suppose 4*j + u = -6. Let r(p) = 3*p**2 + 4*p + 2. Let c be r(j). What is the highest common factor of 18 and c?
6
Let u = -55 + 74. What is the greatest common divisor of u and 19?
19
Suppose 7 - 1 = 3*o. Suppose -5*w = -v - 52, o*w = -4*v + 10 + 2. Let t be -8*(5 + 88/(-16)). Calculate the greatest common factor of w and t.
2
Let o(y) = 2*y**3 - y**2 - 2*y + 2. Let w be o(2). Suppose 0*p - 75 = -3*p. Calculate the greatest common factor of p and w.
5
Let h = -31 - -66. Calculate the greatest common divisor of h and 7.
7
Let q = 26 - 18. Suppose -3*c - 45 = -q*c. What is the highest common divisor of 27 and c?
9
Suppose -b + 0*h + 4 = -3*h, 5*b - 5*h = 30. Let n(g) = -g**2 + 10*g + 1. Let k be n(b). What is the highest common divisor of k and 110?
22
Suppose 3*d = 3*h - 57, -h = -6*h + 3*d + 95. What is the highest common factor of 19 and h?
19
Let m = 26 - -18. Suppose -m = -z - z. What is the highest common divisor of 11 and z?
11
Suppose 0 = -2*a + 24 + 16. Calculate the highest common divisor of 180 and a.
20
Suppose -2*z - 279 = -3*b - 2*b, 2*z - 106 = -2*b. Let y = 181 - b. Calculate the highest common divisor of y and 14.
14
Let h(a) = -16*a + 8. Let o(r) = -4*r + 2. Let c(b) = -2*h(b) + 9*o(b). Let u be c(-4). Let j = -99 - -144. Calculate the greatest common divisor of u and j.
9
Suppose 0 = 13*m - 12*m - 234. Calculate the greatest common divisor of m and 26.
26
Suppose -5*f = -f - 40. What is the highest common factor of 10 and f?
10
Let f(q) = -q**3 - 6*q**2 + 7*q - 7. Let s(r) = -r**2 - 14*r + 7. Let b be s(-15). Let a be f(b). What is the highest common divisor of a and 13?
13
Suppose i = -7*i + 32. Calculate the highest common divisor of 120 and i.
4
Let t(i) be the second derivative of i**5/20 - 7*i**4/12 + 3*i**3/2 - 5*i**2/2 - i. Let g be t(6). What is the highest common factor of 65 and g?
13
Suppose 8 + 0 = 4*q. Suppose q*r - 190 = -3*r + 4*z, -5*r + 5*z + 185 = 0. What is the highest common divisor of r and 6?
6
Let p(s) = -2*s**2 + s**2 + 13*s**3 - 1 + 2*s + 13*s**3. Let o be p(1). Calculate the highest common divisor of o and 39.
13
Let n be (-68)/(-18) - (-4)/18. Let f be (-672)/(-280)*5/2. Calculate the greatest common factor of f and n.
2
Suppose 24 = j - 3*n - 0*n, 2*j + 3*n = 57. Let g be j + (-3)/9*-3. Let s = 46 - 4. What is the highest common divisor of s and g?
14
Suppose 0*n - 3*z = -3*n + 18, -3*n = -2*z - 20. What is the greatest common divisor of n and 56?
8
Suppose -110 = -3*i - 5. Let z = i + -13. What is the greatest common factor of z and 33?
11
Let s be 2/10 + 954/30. Suppose 0*z + 4*z = 320. Calculate the greatest common factor of s and z.
16
Suppose -4*w - 72 = 2*a - 6*a, 0 = 4*w + 20. What is the highest common divisor of a and 39?
13
Let l(d) be the first derivative of -d**3/3 + 7*d**2/2 - 2*d - 1. Let z be l(7). Let y = 4 - z. Calculate the greatest common factor of y and 9.
3
Suppose 6*i - 5 = i, 3*l - 34 = -4*i. Suppose -121 = -m - 4*r, -4 + 16 = 3*r. Let j = 195 - m. Calculate the highest common divisor of l and j.
10
Let u = 1 + 7. Suppose o = -w + 15 + u, 137 = 4*o - 5*w. What is the highest common factor of o and 70?
14
Let h(v) = -v - v + 10*v. Let g be h(-2). Let b be (-6)/(-1)*g/(-6). Calculate the greatest common factor of b and 16.
16
Let y = 10 - 10. Let k = 33 - y. Suppose 36 - 1 = 3*x + 2*n, -x - 3*n = -14. Calculate the greatest common divisor of x and k.
11
Let f(u) = 81*u**2 - 1 + 3*u - u + 3 - 4*u. Let q be f(2). Suppose q = 5*r - 278. What is the greatest common factor of r and 12?
12
Let j = 86 - -90. Suppose 3*l - 4*l + 16 = 0. What is the greatest common factor of l and j?
16
Let s be -4 - -26 - (-6 - 0). What is the highest common divisor of 42 and s?
14
Suppose -3*g + 1 = -2*s + 3, 0 = -2*g + 2*s - 2. Let j(x) = -x**3 + 2*x**3 - 2 + g*x**3. Let v be j(2). What is the greatest common divisor of 66 and v?
6
Suppose 5*n + 175 = -3*y + 669, -838 = -5*y - n. Calculate the highest common divisor of 12 and y.
12
Suppose -174 = -8*t + 34. What is the highest common factor of t and 39?
13
Suppose -s - 42 = -2*r, -25 + 6 = -r + s. Let l(o) = -o**3 - 5*o**2 - 3*o - 2. Let f be l(-3). Let d = r + f. Calculate the greatest common divisor of d and 30.
6
Suppose 0 = -14*m + 18*m - 104. What is the greatest common divisor of m and 65?
13
Suppose 4*r - 259 = -5*v, r - 70 = v + 6. Let y = -43 + r. What is the greatest common factor of 28 and y?
28
Let v = 185 - 265. Let o be (-2 + -1)*v/15. Calculate the highest common divisor of o and 80.
16
Let g be 87 + 5*(-2)/(-30)*9. What is the highest common divisor of g and 18?
18
Let x(d) = -d**2 + 15*d + 9. Let c be x(13). Let k be 0 + 28/(-1 + 3). What is the greatest common divisor of k and c?
7
Let z be -1*167*-2 - 8/2. Calculate the greatest common factor of z and 30.
30
Suppose -x + 5*p + 74 = 0, 2*p - 11 = -1. Let s = 154 - x. What is the greatest common divisor of 11 and s?
11
Suppose -5*b + 0*s = -5*s + 45, -5*s + 15 = b. Let y(v) = v**2 + 3*v + 3. Let p be y(b). What is the highest common factor of p and 26?
13
Suppose -h + 84 = 2*h. Calculate the highest common divisor of h and 70.
14
Let p be (-204)/(-2) + (2 - -1). Calculate the greatest common factor of p and 42.
21
Suppose 3 - 1 = 2*l. Let f be l + 60 + 0/5. Suppose -3*a + f = -182. Calculate the highest common divisor of a and 9.
9
Suppose -2*f = -10 - 0. Suppose 36 = 2*l - 4*r, l + f = r + 22. Calculate the highest common divisor of l and 64.
16
Suppose -2*q = 4*r - 288, -q = -2*r - 0*r + 144. What is the highest common factor of r and 9?
9
Let c = 17 + 58. Suppose 2*b + 36 = 3*b - 2*r, b = -4*r + 18. Calculate the greatest common factor of c and b.
15
Let v be (-65)/(-3) - 5/(-15). Calculate the highest common divisor of 2 and v.
2
Let l = 0 + 2. Let s = 13 + l. Calculate the greatest common factor of 15 and s.
15
Let u be (6/(12/14))/((-2)/(-6)). What is the greatest common divisor of 63 and u?
21
Let n = 19 + -17. Suppose -2*a = n*a - 396. What is the greatest common divisor of 11 and a?
11
Let i(w) = -w**3 - 7*w**2 + w. Let a be i(-7). Let r(v) = 7*v + v**2 + 0 - 2*v - 2.